{"id":1113,"date":"2021-02-11T09:25:27","date_gmt":"2021-02-11T09:25:27","guid":{"rendered":"https:\/\/kalli.is\/account\/"},"modified":"2024-08-06T12:06:15","modified_gmt":"2024-08-06T10:06:15","slug":"reikningur","status":"publish","type":"page","link":"https:\/\/kalli.is\/?page_id=1113","title":{"rendered":"Reikningur minn"},"content":{"rendered":"            <form name=\"pms_login\" id=\"pms_login\" class=\"pms-form  pms-form-design-wrapper pms-default\" action=\"\" method=\"post\">\n                \n                <p class=\"login-username\">\n                    <label for=\"user_login\">Notandanafn e\u00f0a netfang<\/label>\n                    <input type=\"text\" name=\"log\" id=\"user_login\" class=\"input\" value=\"\" size=\"20\" \/>\n                <\/p>\n\n                <p class=\"login-password\">\n                    <label for=\"user_pass\">Lykilor\u00f0<\/label>\n                    <input type=\"password\" name=\"pwd\" id=\"user_pass\" class=\"input\" value=\"\" size=\"20\" \/>\n                <\/p>\n\n                \n                                    <p class=\"login-remember\">\n                        <input name=\"rememberme\" type=\"checkbox\" id=\"rememberme\" value=\"forever\"  \/>\n\n                        <label for=\"rememberme\">\n                            Mundu mig                        <\/label>\n                    <\/p>\n                \n                <p class=\"login-submit\">\n                    <input type=\"submit\" name=\"wp-submit\" id=\"wp-submit\" class=\"button button-primary\" value=\"Innskr\u00e1ning\" \/>\n                    <input type=\"hidden\" name=\"redirect_to\" value=\"https:\/\/kalli.is\/index.php?rest_route=%2Fwp%2Fv2%2Fpages%2F1113\" \/>\n                    <input type=\"hidden\" name=\"pms_login_nonce\" value=\"6aa76c4d09\" \/>\n                <\/p>\n\n                <p class=\"login-extra\">\n                    <input type=\"hidden\" name=\"pms_login\" value=\"1\" \/><input type=\"hidden\" name=\"pms_redirect\" value=\"https:\/\/kalli.is\/index.php?rest_route=%2Fwp%2Fv2%2Fpages%2F1113\" \/><a class=\"register\" href=\"https:\/\/kalli.is\/?page_id=1111\">Skr\u00e1ning<\/a><span class=\"separator\">|<\/span><a class=\"lostpassword\" href=\"https:\/\/kalli.is\/?page_id=1114\">Gleymdir\u00f0u lykilor\u00f0inu \u00fe\u00ednu?<\/a>                <\/p>\n            <\/form>\n        \n<p>Ekki me\u00f0 Paypal?\u00a0<a href=\"https:\/\/kalli.is\/?page_id=1461\">Ekkert m\u00e1l!<\/a><\/p>\n","protected":false},"excerpt":{"rendered":"<p>Ekki me\u00f0 Paypal?\u00a0Ekkert m\u00e1l!<\/p>\n","protected":false},"author":1,"featured_media":0,"parent":0,"menu_order":0,"comment_status":"closed","ping_status":"closed","template":"","meta":{"_acf_changed":false,"_editorskit_title_hidden":false,"_editorskit_reading_time":0,"_editorskit_is_block_options_detached":false,"_editorskit_block_options_position":"{}","_kad_blocks_custom_css":"","_kad_blocks_head_custom_js":"","_kad_blocks_body_custom_js":"","_kad_blocks_footer_custom_js":"","footnotes":""},"class_list":["post-1113","page","type-page","status-publish","hentry"],"acf":[],"taxonomy_info":[],"featured_image_src_large":false,"author_info":{"display_name":"Karl Gu\u00f0mundsson","author_link":"https:\/\/kalli.is\/?author=1"},"comment_info":"","_links":{"self":[{"href":"https:\/\/kalli.is\/index.php?rest_route=\/wp\/v2\/pages\/1113","targetHints":{"allow":["GET"]}}],"collection":[{"href":"https:\/\/kalli.is\/index.php?rest_route=\/wp\/v2\/pages"}],"about":[{"href":"https:\/\/kalli.is\/index.php?rest_route=\/wp\/v2\/types\/page"}],"author":[{"embeddable":true,"href":"https:\/\/kalli.is\/index.php?rest_route=\/wp\/v2\/users\/1"}],"replies":[{"embeddable":true,"href":"https:\/\/kalli.is\/index.php?rest_route=%2Fwp%2Fv2%2Fcomments&post=1113"}],"version-history":[{"count":0,"href":"https:\/\/kalli.is\/index.php?rest_route=\/wp\/v2\/pages\/1113\/revisions"}],"wp:attachment":[{"href":"https:\/\/kalli.is\/index.php?rest_route=%2Fwp%2Fv2%2Fmedia&parent=1113"}],"curies":[{"name":"wp","href":"https:\/\/api.w.org\/{rel}","templated":true}]}}